mmon factor of 9 and h.
9
Let n be 7*(-3 - 28/(-4)). What is the greatest common divisor of 574 and n?
14
Let z(x) = -x**3 - x**2 + 60. Let h be z(0). Let t = -22 - -24. Suppose -3*f = -4*p + t*f + 73, 5*p - 2*f = 70. What is the greatest common divisor of h and p?
12
Let h be ((-2)/(-5))/((-1)/(-245)). Let y = 128 - h. What is the greatest common divisor of y and 105?
15
Let h = 1161 - 1154. Calculate the greatest common factor of h and 224.
7
Suppose -3*t = 2*s - 474, 0 = t - 3*t + s + 309. What is the greatest common factor of 3 and t?
3
Let p be 7 - (3 + -3 + 3). Suppose p = -5*r + 14. Suppose 2*o - 2*f = 4, -2*o - r*f = 3*f - 32. What is the highest common factor of o and 42?
6
Let n be (-4 - (-15)/2)*16/14. Suppose n*c = -2*c + 132. Let a = 9 - -2. What is the highest common factor of c and a?
11
Suppose 0 = -5*r + 124 + 11. Let w = r - 15. Calculate the greatest common divisor of w and 108.
12
Let y = 58 - 62. Let k be (-5 - y) + 3 - -68. What is the greatest common factor of k and 14?
14
Suppose -1 = z - 6. Suppose 2*u - 5 = z, 0 = 3*s - 4*u - 10. Calculate the highest common factor of 10 and s.
10
Let f(l) = -2*l**3 - 38*l**2 - 97*l + 40. Let o be f(-16). Calculate the highest common factor of 98 and o.
14
Let h = -15 + 27. Suppose k - 72 = -2*k. What is the greatest common divisor of h and k?
12
Let t = 42 - 38. Suppose 2*s - 5*q + 9 = 3*s, -t*s = 2*q - 54. What is the greatest common divisor of 126 and s?
14
Suppose 2*x = -4*t - 3*x + 1689, -10 = -2*x. Calculate the greatest common divisor of t and 26.
26
Suppose 3*v = -78 - 45. Let q = v - -59. What is the greatest common factor of 2 and q?
2
Suppose -t - 356 + 991 = 5*a, -2*t = 5*a - 1280. Calculate the greatest common divisor of 30 and t.
15
Let c be -1 + (-2 - -4) + -34. Let k = c - -24. Let z = k + 72. What is the highest common factor of z and 9?
9
Suppose 3*l - 19 = -5*h + h, -5*l = 2*h - 55. Let f = 2 - l. Let i = f - -36. What is the highest common divisor of i and 5?
5
Let u = -35 + 39. Suppose -2*v - u*d = 3*v - 86, 5*v - 5*d - 95 = 0. Suppose 5*m - v - 17 = 0. What is the greatest common divisor of 7 and m?
7
Let p(a) = -a**2 - 5*a + 15. Let f be p(-7). Calculate the highest common divisor of f and 2.
1
Let w = 39 - 20. Let r(h) = -2 + h - 4*h - w*h. Let l be r(-2). What is the highest common divisor of l and 28?
14
Let z(s) = -3*s - 44. Suppose 4*w = -2*f - 2*f - 64, -5*w - 4*f - 80 = 0. Let n be z(w). What is the highest common divisor of n and 36?
4
Suppose -9 = -7*a + 4*a. Let c = 455 - 431. Calculate the greatest common factor of c and a.
3
Suppose 3*d + j = 335, -31*d = -28*d + 5*j - 355. What is the greatest common divisor of d and 55?
55
Suppose -3*n + 196 = w, -13*w + 10*w - 6 = 0. What is the highest common factor of n and 814?
22
Suppose 2*i - 170 = -3*i. Suppose -i = -z + 3*s + s, 5*s + 25 = 0. What is the highest common factor of 42 and z?
14
Let v be 6340/18 + 7/(630/(-20)). What is the highest common factor of 32 and v?
32
Let m be 11/66 + 9321/18. What is the greatest common factor of m and 296?
74
Suppose 40 = 2*g - 5*b, -g - b + 20 = 2*b. Let j = -9 + 12. Suppose 9 + 51 = j*u. What is the greatest common factor of g and u?
20
Let l(i) = -30*i - 20. Let r be l(-3). Calculate the highest common factor of 30 and r.
10
Suppose 2009 = 2*w - 5*b, -w - 32*b + 36*b + 1012 = 0. Calculate the greatest common factor of 186 and w.
62
Let j be (25/((-300)/336))/(-2). Suppose 5*t - 281 + 65 = 2*w, -2*w = 5*t - 204. Calculate the greatest common factor of j and t.
14
Let a be (-8)/8 - (2 + 23*-5). What is the greatest common divisor of 168 and a?
56
Let c(n) = n**2 + 15*n + 13. Let w be c(-18). What is the greatest common divisor of 737 and w?
67
Let w = 160 - 80. Let u = 90 + -128. Let k = u + w. What is the highest common factor of k and 14?
14
Suppose -5*f + 99 = -4*s, 2*f - 6*s = -5*s + 42. Suppose 2*r + 644 = 6*r. Calculate the greatest common divisor of f and r.
23
Let g = -972 - -978. What is the highest common factor of 240 and g?
6
Let u be 6 + -7 + 20 + -8. Suppose -5*n - 26 = -241. Let l be (-1)/2*-2 + n. Calculate the highest common factor of u and l.
11
Let j be 32/10*(-35)/(-14). Let t = -1 - -4. Suppose -t*l - 80 = -j*l. What is the highest common divisor of l and 24?
8
Let g(t) = 8*t**2 + 6. Let b be g(5). Suppose 2*f = v - 192, -5*v - 4*f - b + 1208 = 0. What is the greatest common factor of 22 and v?
22
Let a = 134 + -120. Calculate the highest common factor of a and 378.
14
Let g be 2/(-6)*15/10*-8. Suppose g*f + 5 = -c + 38, -2*f = -3*c + 141. Calculate the highest common divisor of 5 and c.
5
Suppose 2*v + 3*q - 2 = 0, -6*v = -4*v + 5*q + 2. Suppose 2*u - v*z = 38, -33 = -2*u + 2*z + z. Calculate the highest common divisor of 81 and u.
9
Let k(d) = -d**2 - d + 81. Let q be k(0). Calculate the greatest common divisor of q and 216.
27
Let x(j) = 2*j - 10. Let d = -34 - -43. Let h be x(d). Let v be (-1)/(-4) - 127/(-4). What is the highest common divisor of v and h?
8
Suppose 7*h + 3 = 24. Let y be (h/6)/(3/48). Calculate the highest common factor of 64 and y.
8
Let g = -69 + 86. Let l = g + -9. Let t = -31 + 55. What is the highest common divisor of t and l?
8
Suppose 7*r - 2*r - 26 = 4*b, 2*r - 23 = 3*b. Let v be (-2956)/(-12) + (-6)/b. Suppose 4*f - v = -55. Calculate the greatest common factor of 12 and f.
12
Let x be -3 + 1 - (-171 + 0). Let y be (-32)/(-2) + ((-4)/10)/(32/240). What is the greatest common divisor of y and x?
13
Suppose -b - 23*p + 21*p = -813, 0 = 5*b + p - 4092. Calculate the highest common factor of 84 and b.
21
Suppose -20 = 4*d - 2*g, 5*d + 0*d = -g - 25. Let t(l) = 16*l**2 - 15*l + 2. Let x be t(d). Calculate the highest common divisor of x and 53.
53
Let f(c) = 47*c - 17. Let x be f(7). Suppose -m = -44 + 5. Calculate the highest common divisor of x and m.
39
Suppose -q + 5 = 4*b, 4*q + 5*b - 34 = 3*b. Suppose -1333 = -q*t + 1187. What is the greatest common divisor of t and 35?
35
Suppose 3*g - 15 = 0, 0*l - 53 = l - 3*g. Let v = l + 58. Suppose 5*d - 1033 + 133 = 0. Calculate the highest common divisor of d and v.
20
Let j be (-39)/(-2)*2240/240. Calculate the highest common divisor of j and 224.
14
Let s be 15/9 + 2/(-3). Let r be ((-153 - -2)*1)/s. Let g = -103 - r. What is the greatest common factor of 6 and g?
6
Let n(b) = 2*b**3 - 6*b**2 + 7*b. Suppose 0 = 5*v - 3*y - 2*y - 40, -5*v + 2*y = -31. Let r be n(v). Calculate the highest common divisor of 15 and r.
15
Suppose 5*a = -136 + 36. Let v = 58 - a. Calculate the highest common divisor of 6 and v.
6
Suppose -3*g = c - 23, 5*g = 6*g - 4*c + 1. Suppose q = -5 - 29. Let w = q - -48. Calculate the greatest common divisor of g and w.
7
Suppose 1248 = 4*q - 3*w, -5*q = -9*w + 4*w - 1555. Calculate the highest common factor of 45 and q.
45
Let v(t) = -64*t**3 + 2*t + 1. Let j be 3 - (4 + -4 + 4). Let a be v(j). What is the greatest common factor of a and 7?
7
Let o be -2 + 22/121 + 130/11. Let i be (-2 - 0) + 6 + 26. What is the greatest common factor of o and i?
10
Let z = 1857 + -1199. What is the highest common factor of 376 and z?
94
Suppose 0 = 2*w + 1 - 7, 2*w - 113 = -u. Suppose 487 = 6*n - u. Calculate the highest common divisor of 9 and n.
9
Suppose 7*k = -673 + 827. Calculate the highest common factor of k and 2.
2
Let g be 1/((-4)/(-16)) - -2. Suppose -3*n = -11 - 4. Suppose 0 = o + 3, n*t + o - 123 = 2*o. What is the highest common divisor of t and g?
6
Let h = -34 - -39. Suppose -c = 5*d - 5*c - 17, d = 5*c - h. Suppose 5*z = -0*z + 5. What is the highest common factor of d and z?
1
Let b be (165/99)/(1/(-2268)*-4). Calculate the greatest common divisor of b and 9.
9
Let k(n) = n + 2. Let r be k(5). Suppose -2*s + 5083 = 11*s. Suppose 2*g - 162 = 4*o, -4*o = 5*g - 7*o - s. Calculate the greatest common divisor of g and r.
7
Let k = 17 - -16. Suppose 11 = -v + 5*g - 5, v + 3*g = 24. Let y be 3*(k/v - 3). Calculate the greatest common divisor of y and 18.
2
Let n(a) = -3*a + 7. Let k be n(3). Let l be (-6)/6*(-3 + k). Calculate the greatest common divisor of 35 and l.
5
Suppose 5*u + 40 = 4*f, 3*f + u - 46 = -16. Calculate the greatest common divisor of f and 70.
10
Suppose -5*q = 5*x - 540, -x + 0*x + q = -104. Let k = -29 + x. Calculate the greatest c